{"id":2,"date":"2016-06-07T14:09:51","date_gmt":"2016-06-07T14:09:51","guid":{"rendered":"http:\/\/promar.ase.ro\/?page_id=2"},"modified":"2018-02-24T22:56:58","modified_gmt":"2018-02-24T22:56:58","slug":"sample-page","status":"publish","type":"page","link":"http:\/\/www.promar.ase.ro\/","title":{"rendered":"Prezentare"},"content":{"rendered":"<p style=\"text-align: justify;\"><strong>Centrul de Cercet\u0103ri pentru Prognoz\u0103 Macroeconomic\u0103 \u0219i Regional\u0103 (PROMAR)<\/strong> a fost infiintat la \u00eenceputul anului 2007. Senatul Academiei de Studii Economice a aprobat acreditarea institu\u021bional\u0103 a PROMAR la data de 31.01.2007, aceasta fiind urmat\u0103 de aprobarea reacredit\u0103rii periodice conform procedurilor \u00een vigoare.<\/p>\n<p style=\"text-align: justify;\">Ariile principale de interes stiin\u0163ific sunt prognoza macroeconomic\u0103 (cre\u015fterea economic\u0103 durabil\u0103, corela\u021bii macroeconomice, evolu\u021bii sectoriale, corela\u021bia sectorial-regional, decalaje Romania &#8211; UE, integrare european\u0103), prognoza dezvolt\u0103rii regionale (cre\u0219terea economic\u0103 regional\u0103 \u0219i politici \u2013suport pentru convergen\u021b\u0103 \u0219i competititivitate regional\u0103, cooperare teritorial\u0103, pie\u021be regionale ale muncii, migra\u021bia intern\u0103 si extern\u0103, impactul investi\u021biilor, clusterele regionale, capitalul teritorial, raportul urban-rural, dezvoltarea local\u0103, zonele metropolitane, politici de dezvoltare regional\u0103, planificare regional\u0103, finantarea dezvoltarii regionale, impactul utiliz\u0103rii fondurilor europene asupra dezvoltarii regionale s.a.) cu abordari bazate pe modele previzionale, compara\u0163ii interna\u0163ionale,\u00a0 scenarii, strategii. De asemenea, sunt avute in vedere curentele contemporane de g\u00e2ndire economic\u0103 prospectiv\u0103 si analiza epistemologica a abordarilor inter si transdiciplinare in scopul previzionarii teoriilor economice actuale.<\/p>\n<p style=\"text-align: justify;\">Pe parcursul functionarii sale <strong>PROMAR<\/strong> a stabilit rela\u0163ii de colaborare sau parteneriat cu alte centre de cercetare ale ASE, cu centre de cercetare ale altor universitati din Romania (ex.: Centrul de Studii Europene \u201cJean Monet\u201d \u2013 Universitatea \u201cAl.I.Cuza\u201d Iasi), cu institute de cercet\u0103ri din cadrul INCE al Academiei Rom\u00e2ne (ex.: Institutul de Prognoza Economica) , cu Institutul Na\u0163ional de Statistic\u0103, Comisia Na\u0163ional\u0103 de Prognoz\u0103, Ministerul Dezvolt\u0103rii Regionale \u015fi Administra\u0163iei Publice, Agentia de Dezvoltare Regionala Bucuresti-Ilfov s.a..<\/p>\n<p style=\"text-align: justify;\">La nivel international, au fost\u00a0 stabilite acorduri de cooperare cu Regional Applications Laboratory (REAL) &#8211; \u00a0University of Illinois at Urbana-Champaign, USA, Department of Economic Geography and Geoinformatics &#8211; Wirtschaftsuniversitaet Vienna, Austria,\u00a0 Research Centre of Regulatory Science \u2013 George Mason University, USA \u015f.a. De asemenea, PROMAR a fost inclus in retelele de cooperare ale proiectelor internationale in care a detinut pozitia de project partner (ASE-PROMAR), alaturi de centre de cercetari din peste 20 de \u021b\u0103ri membre ale Uniunii Europene plus Norvegia, Islanda, Serbia, Albania.<\/p>\n<p style=\"text-align: justify;\">Membrii si colaboratorii centrului au fost \/ sunt implica\u0163i \u00een derularea unui mare num\u0103r de proiecte de cercetare cu finan\u0163are nationala sau interna\u0163ional\u0103 (Orizont 2020, FP7, ESPON, SEE Transnational Programme, CERGE, COST s.a.) arondate PROMAR.<\/p>\n<p style=\"text-align: justify;\">Ca urmare a rezultatelor deosebite obtinute in activitatea de cercetare, unul dintre aceste proiecte \u2013 \u201cMunicipal Property Management in South-Eastern European Cities (PROMISE)\u201d &#8211; arondat PROMAR,\u00a0 a primit din partea International Project Management Association (IPMA)<strong>\u00a0 \u201c<\/strong>the Judges Commendation Status and Diploma\u201d in cadrul competitiei \u201cthe IPMA Achievement Award\u201d \u2013\u00a0 categoria \u201cCommunity Service Projects\u201d.<\/p>\n<p>&nbsp;<\/p>\n<p>De asemenea, <strong>PROMAR<\/strong> a fost selectat de <a href=\"http:\/\/www.regionalscience.org\/\" target=\"_blank\" rel=\"noopener\">Regional Science Association International <\/a>pentru o prezentare a centrelor de cercetare din diferite \u021b\u0103ri ale lumii cu preocup\u0103ri sus\u021binute \u00een domeniul \u0219tiin\u021belor regionale. Prezentarea a fost diseminat\u0103 prin intermediul\u00a0<a href=\"http:\/\/www.regionalscience.org\/~regiona\/images\/PDF\/newsletter_RSAI_November2015.pdf\" target=\"_blank\" rel=\"noopener\"><span style=\"text-decoration: underline;\">RSAI Newsletter.<\/span><\/a><\/p>\n","protected":false},"excerpt":{"rendered":"<p>Centrul de Cercet\u0103ri pentru Prognoz\u0103 Macroeconomic\u0103 \u0219i Regional\u0103 (PROMAR) a fost infiintat la \u00eenceputul anului 2007. Senatul Academiei de Studii Economice a aprobat acreditarea institu\u021bional\u0103 a PROMAR la data de 31.01.2007, aceasta fiind urmat\u0103 de aprobarea reacredit\u0103rii periodice conform procedurilor \u00een vigoare. Ariile principale de interes stiin\u0163ific sunt prognoza macroeconomic\u0103 (cre\u015fterea economic\u0103 durabil\u0103, corela\u021bii macroeconomice, [&hellip;]<\/p>\n","protected":false},"author":1,"featured_media":0,"parent":0,"menu_order":0,"comment_status":"closed","ping_status":"open","template":"","meta":{"footnotes":""},"class_list":["post-2","page","type-page","status-publish","hentry"],"_links":{"self":[{"href":"http:\/\/www.promar.ase.ro\/index.php\/wp-json\/wp\/v2\/pages\/2","targetHints":{"allow":["GET"]}}],"collection":[{"href":"http:\/\/www.promar.ase.ro\/index.php\/wp-json\/wp\/v2\/pages"}],"about":[{"href":"http:\/\/www.promar.ase.ro\/index.php\/wp-json\/wp\/v2\/types\/page"}],"author":[{"embeddable":true,"href":"http:\/\/www.promar.ase.ro\/index.php\/wp-json\/wp\/v2\/users\/1"}],"replies":[{"embeddable":true,"href":"http:\/\/www.promar.ase.ro\/index.php\/wp-json\/wp\/v2\/comments?post=2"}],"version-history":[{"count":8,"href":"http:\/\/www.promar.ase.ro\/index.php\/wp-json\/wp\/v2\/pages\/2\/revisions"}],"predecessor-version":[{"id":96,"href":"http:\/\/www.promar.ase.ro\/index.php\/wp-json\/wp\/v2\/pages\/2\/revisions\/96"}],"wp:attachment":[{"href":"http:\/\/www.promar.ase.ro\/index.php\/wp-json\/wp\/v2\/media?parent=2"}],"curies":[{"name":"wp","href":"https:\/\/api.w.org\/{rel}","templated":true}]}}